n divisor of 1619579 and 114374?
1079
Calculate the greatest common factor of 124585480 and 7360.
920
Calculate the highest common divisor of 9629022 and 78.
78
What is the highest common factor of 1778466 and 10955?
313
Calculate the greatest common factor of 12 and 2593317.
3
What is the highest common divisor of 2498353 and 52?
13
What is the highest common factor of 6 and 1762383?
3
Calculate the highest common divisor of 3585480 and 135.
15
What is the greatest common divisor of 32901586 and 1534?
118
Calculate the greatest common divisor of 176616 and 483241.
2453
Calculate the highest common divisor of 1139908 and 72.
4
Calculate the highest common divisor of 9788752 and 48.
16
Calculate the greatest common factor of 731850 and 9010.
170
Calculate the greatest common divisor of 3224351 and 845.
169
Calculate the greatest common divisor of 279 and 35280.
9
What is the highest common divisor of 126 and 49928158?
14
What is the greatest common divisor of 1289 and 102644359?
1289
What is the greatest common factor of 2459808 and 27216?
1296
What is the greatest common factor of 53026992 and 8496?
144
What is the greatest common divisor of 108 and 329345568?
108
What is the highest common factor of 269854680 and 280?
40
Calculate the highest common divisor of 522 and 1690308.
18
Calculate the greatest common divisor of 49 and 134876.
7
What is the greatest common factor of 2576639 and 139463?
89
What is the greatest common divisor of 1300251510 and 10860?
5430
What is the highest common factor of 22036392 and 15408?
72
What is the highest common divisor of 200434 and 22646?
338
Calculate the highest common factor of 130 and 4848064.
26
What is the greatest common divisor of 61884 and 373923?
27
What is the highest common factor of 46 and 134483024?
46
Calculate the greatest common factor of 18703060 and 102.
34
What is the highest common factor of 6096931 and 2465?
493
Calculate the greatest common factor of 475778 and 3473.
23
What is the greatest common divisor of 4650906 and 910?
26
Calculate the highest common divisor of 44747147 and 418.
19
What is the greatest common divisor of 1220 and 1033152425?
305
What is the highest common divisor of 39040 and 72001960?
2440
Calculate the highest common factor of 26939 and 3727141.
869
Calculate the greatest common factor of 40512 and 2352228.
2532
What is the greatest common divisor of 85885120 and 960?
320
What is the highest common factor of 4573 and 1438343?
269
What is the greatest common factor of 29529 and 625923?
153
Calculate the highest common factor of 4154944 and 56.
8
Calculate the highest common divisor of 1480 and 3058690840.
1480
What is the highest common divisor of 302 and 2244917?
151
What is the highest common divisor of 66126 and 805710?
642
Calculate the highest common factor of 208059754 and 406.
14
Calculate the highest common divisor of 598017 and 4578.
21
What is the highest common divisor of 8 and 47535776?
8
What is the highest common divisor of 17544 and 1733201?
731
What is the greatest common factor of 5646112 and 92272?
1168
What is the greatest common divisor of 36573 and 2129118?
219
Calculate the highest common divisor of 65015050 and 2950.
2950
What is the highest common factor of 158 and 81691135?
79
What is the highest common divisor of 434049213 and 117?
39
What is the greatest common divisor of 53287735 and 5560?
695
What is the greatest common divisor of 6454997 and 1?
1
Calculate the greatest common divisor of 1576 and 62467124.
788
Calculate the highest common factor of 133827419 and 2167.
2167
What is the highest common divisor of 754 and 13609518?
26
What is the highest common divisor of 662770521 and 26684?
6671
What is the highest common factor of 59136530 and 1705?
155
What is the greatest common divisor of 4560 and 372182640?
4560
What is the greatest common factor of 17683716 and 5487?
177
What is the greatest common divisor of 121961154 and 294?
42
What is the highest common factor of 8034 and 921414?
78
What is the greatest common divisor of 58 and 204567131?
29
Calculate the greatest common divisor of 131800 and 45250.
50
Calculate the greatest common factor of 211 and 7302499.
211
What is the greatest common divisor of 62550192 and 96?
48
What is the highest common divisor of 50041 and 1357861?
307
What is the greatest common factor of 3252536 and 140?
28
Calculate the highest common divisor of 865589 and 39117.
1003
What is the highest common factor of 402 and 35402733?
201
What is the greatest common divisor of 77922 and 4569?
3
Calculate the greatest common divisor of 24505 and 148889.
169
Calculate the highest common divisor of 22088 and 187352.
88
Calculate the greatest common divisor of 1335703519 and 61.
61
Calculate the greatest common factor of 266 and 130044854.
38
What is the highest common divisor of 391 and 1052929?
17
Calculate the greatest common factor of 64288948 and 3756.
1252
What is the highest common divisor of 8575653 and 23973?
393
What is the highest common divisor of 25246 and 22635952?
1942
What is the greatest common factor of 2288 and 18327166?
286
What is the greatest common divisor of 113265 and 960?
15
What is the greatest common divisor of 37120 and 14909480?
1160
Calculate the highest common factor of 4643736 and 626622.
1086
What is the greatest common divisor of 121599 and 89950284?
2061
What is the highest common factor of 195333212 and 2204?
116
Calculate the greatest common divisor of 161329 and 30989.
133
What is the greatest common divisor of 220 and 40373520?
220
Calculate the highest common factor of 580921 and 8107.
121
Calculate the greatest common divisor of 2600 and 742983800.
2600
Calculate the greatest common factor of 10997 and 33061.
7
What is the highest common divisor of 78318 and 331134?
1374
What is the highest common divisor of 50 and 61377940?
10
What is the highest common divisor of 600448 and 1568?
32
Calculate the greatest common factor of 14263875 and 30.
15
What is the greatest common divisor of 819217 and 18389?
259
Calculate the greatest common divisor of 8 and 33464936.
8
Calculate the greatest common factor of 75876 and 10572.
12
What is the greatest common divisor of 116343719 and 12162?
2027
Calculate the greatest common divisor of 427 and 28032977.
427
What is the highest common divisor of 6950 and 16731430?
1390
What is the highest common divisor of 18773734 and 1694?
14
Calculate the highest common factor of 6141 and 407175.
267
Calculate the highest common divisor of 33178 and 2722787.
313
What is the greatest common divisor of 202224 and 29040?
528
What is the greatest common factor of 5010951 and 429?
33
What is the greatest common divisor of 1242460 and 30636?
3404
Calculate the highest common factor of 35 and 6831727.
7
Calculate the greatest common divisor of 5936 and 1511382768.
5936
Calculate the greatest common divisor of 175 and 6564425.
175
Calculate the highest common divisor of 262288 and 351.
13
Calculate the highest common factor of 6061314 and 9.
3
Calculate the highest common factor of 1513655 and 7975.
1595
Calculate the highest common divisor of 3 and 307250.
1
What is the greatest common factor of 22 and 440434731?
11
What is the highest common factor of 164127268 and 3844?
3844
Calculate the highest common factor of 37979 and 537997.
233
Calculate the highest common divisor of 399 and 4065003.
3
Calculate the greatest common divisor of 551958 and 176.
22
What is the greatest common factor of 150955875 and 4375?
875
Calculate the greatest common divisor of 7658 and 165158.
14
Calculate the highest common divisor of 248250 and 1567616.
662
What is the highest common factor of 8691390 and 6994?
538
Calculate the highest common divisor of 249106484 and 132.
44
What is the highest common factor of 48295060 and 220?
220
Calculate the highest common factor of 24174993 and 18279.
2031
Calculate the highest common factor of 4954592 and 3712.
928
What is the highest common factor of 4 and 1059734?
2
What is the greatest common divisor of 2830 and 759572?
566
Calculate the greatest common factor of 10716 and 101488557.
2679
What is the highest common factor of 775050 and 450?
150
Calculate the highest common divisor of 34 and 7262077.
17
What is the highest co